s the greatest common divisor of 15 and f?
15
Suppose 132 = 5*f - 2*f. Let t(h) = -h**2 + 7*h + 5. Let j be t(6). Calculate the greatest common factor of j and f.
11
Suppose 8*r - 15*r = -49. What is the greatest common divisor of 28 and r?
7
Suppose r + 3 = 2*r. Suppose -3*v + 7 = 4*t, -5*v - 4*t + r = -14. Calculate the greatest common factor of v and 20.
5
Let d(x) = 2*x**2 + x - 3. Let c be d(-3). Calculate the greatest common factor of c and 60.
12
Let h(k) = -k**3 + 5*k**2 + 7*k + 4. Let u be h(6). Suppose 5*l - 70 = -u. Calculate the greatest common divisor of 60 and l.
12
Let c = 1 + 10. Let u = 2 + c. What is the highest common divisor of 13 and u?
13
Suppose 6*f - 8*f = -224. What is the greatest common factor of 16 and f?
16
Let t = -55 - -70. Calculate the highest common divisor of t and 60.
15
Let r be (-14)/(-4)*(-20)/(-7). What is the highest common factor of 10 and r?
10
Suppose -4*r - 4 = 4, -24 = -2*c - 5*r. Suppose o - c - 4 = 0. Calculate the highest common divisor of 7 and o.
7
Let s be 4/(4/3) - -1. Suppose -s*d = -239 - 157. Calculate the highest common factor of 11 and d.
11
Let o = -14 + 20. Calculate the greatest common factor of o and 6.
6
Suppose 0 = -3*c + 4*p + 216, 2*c + 2*p - 209 + 51 = 0. What is the highest common factor of c and 38?
38
Suppose n = g + 7, 9 = 2*n - 0*g - 3*g. Let j = 14 - n. Calculate the highest common divisor of 20 and j.
2
Let i(g) = -g**2 + 21*g - 59. Let b be i(14). What is the highest common divisor of b and 195?
39
Let d be ((-6)/9)/(-2)*3. Let g be (2 + d)*(3 - 2). Suppose -g*x = 2*x - 10. Calculate the highest common divisor of x and 6.
2
Let j = 22 + -16. Let m(f) = 7*f + 34. Let o be m(-4). What is the greatest common factor of o and j?
6
Suppose -27 = -21*l + 225. Suppose -a + 114 = -3*f, -428 = -4*a - 0*a - 2*f. What is the highest common factor of a and l?
12
Let h be -1 - (-1 - 9) - 1. What is the highest common factor of h and 8?
8
Let y = 209 + -39. What is the highest common divisor of 68 and y?
34
Let j = -21 - -69. Let h be (4/3)/(2/j). Calculate the greatest common divisor of 4 and h.
4
Suppose -3*b - 88 = -s, 5*s - 492 = 2*b - 0*b. Calculate the greatest common factor of s and 20.
20
Let h(n) = -n + 2. Let d be h(-3). What is the greatest common factor of 15 and d?
5
Suppose -11*f + 14*f = 180. What is the highest common divisor of 15 and f?
15
Let t = 448 + -74. What is the greatest common divisor of t and 34?
34
Suppose -4*p + 40 = 4*w, 3*w + w = p + 60. What is the greatest common divisor of 2 and w?
2
Let w(h) = -h**3 - 4*h**2 + 5*h + 2. Let u be w(-5). Calculate the greatest common divisor of u and 8.
2
Let c(h) = h**2 - 10*h + 18. Let b be c(12). Calculate the greatest common factor of b and 6.
6
Let x be 19 + -13 - 4/1. Let i be 2 - -9 - (-8)/x. What is the highest common factor of 6 and i?
3
Suppose 0 = 2*y + 4*w - 36, -3*y + 3*w + 66 = 5*w. Suppose 0 = -2*f - 3*f + 80. Calculate the highest common divisor of f and y.
8
Let v = -335 - -715. Suppose -2*y - 4*p + 129 = -y, 3*y = -5*p + v. What is the highest common factor of y and 50?
25
Let k(u) = 2*u**2 - 19*u + 2. Let a be k(10). What is the highest common divisor of a and 108?
12
Let l(d) = -d**2 - 7*d - 2. Let u be l(-5). Let a be (-2 + -14)/(-4 - -2). Calculate the highest common divisor of a and u.
8
Let p = -23 - -34. What is the greatest common factor of 44 and p?
11
Suppose 2*m = -0*m. Suppose -4*g = -c - 2, -3*g = -9 - m. Suppose 0 = -2*f - 3*z + c, -5*z - 42 = -f - f. What is the highest common factor of f and 99?
11
Let p(r) = 15*r + 2. Let q be p(5). Let o = -101 + 112. What is the greatest common factor of o and q?
11
Let a(v) be the first derivative of 0*v**3 + 1 - v**2 + 3/2*v**4 + v. Let x be a(1). Calculate the greatest common divisor of x and 55.
5
Let i be -5 + 5/(30/66). Calculate the highest common factor of 42 and i.
6
Suppose 145 = 5*t + 5*d, 0*t + 3*d + 63 = 3*t. Calculate the highest common factor of 5 and t.
5
Let s be 11/(-66) - (-110)/12. Calculate the greatest common factor of 9 and s.
9
Let t = -46 - -65. Let w(u) = u**3 + 4*u**2 - 4*u - 6. Let v be w(-4). Let a = t - v. What is the highest common factor of 6 and a?
3
Let u = 3 - 1. Let v be 2 + (0 - -1 - -1). Calculate the highest common factor of v and u.
2
Let b = -159 - -231. Suppose j - 4*j + 27 = 0. What is the highest common factor of b and j?
9
Suppose -92 = -2*x - h - 21, 0 = -2*x + 4*h + 96. Suppose 6*i - x = 16. Calculate the greatest common divisor of i and 99.
9
Let g = 1 + 9. Calculate the highest common divisor of 45 and g.
5
Suppose 0 = q - 1 + 3. Let a = q + 7. Calculate the highest common factor of 1 and a.
1
Let q = -53 + 91. What is the highest common divisor of 152 and q?
38
Let k = -83 - -138. Suppose -3*h + k = -2*r + 231, 4*h + 178 = 2*r. What is the highest common factor of 34 and r?
17
Let i(d) = -d**2 + 5*d - 4. Let n be i(5). Let w be (-2)/8 - n/16. Let p be 36/3 + w + -1. What is the greatest common factor of p and 99?
11
Let q = 88 + -47. Suppose 2*t = c + q + 42, -89 = -2*t - 5*c. What is the highest common factor of 6 and t?
6
Let a(c) = -68*c - 35. Let q(o) = 11 + 11 + 23*o - 10. Let l(z) = -6*a(z) - 17*q(z). Let j be l(6). Calculate the greatest common divisor of j and 12.
12
Let k = -8 - -4. Let c = 11 + k. Calculate the highest common factor of c and 77.
7
Let r be (-4)/20 + (-72)/(-10). Let y = r + -3. Calculate the highest common divisor of y and 12.
4
Let u be (2/4)/(4/24). Suppose u*d - v = 42, -d + 2*v + 3 = -6. What is the greatest common divisor of d and 15?
15
Suppose 5*f - 31 = -2*s, -f - 2*f + s + 23 = 0. What is the greatest common divisor of 21 and f?
7
Let q(b) be the first derivative of 11*b**4 + b**2 - b - 8. Let d be q(1). What is the greatest common divisor of d and 15?
15
Let s be (1/2)/(10/440). What is the greatest common factor of s and 2?
2
Let t = 405 + -157. Calculate the greatest common factor of 31 and t.
31
Let y = -138 - -226. What is the highest common factor of y and 8?
8
Suppose 3*y = -3*o + 114, -5*o + 198 = -4*y + y. What is the greatest common divisor of 26 and o?
13
Suppose 3*t - 164 = -t. Let i = 89 + t. Calculate the highest common factor of i and 26.
26
Let p be (68 - 4) + 4/(-2) + 2. Calculate the highest common factor of p and 16.
16
Let h(d) = -d**3 + 2*d**2 - d + 40. Let m be h(0). What is the greatest common divisor of 8 and m?
8
Let u(y) = -y**3 - 7*y**2 - 6*y + 2. Let j be u(-6). What is the highest common factor of j and 16?
2
Let d = -25 + 37. What is the highest common divisor of 8 and d?
4
Suppose 2*t = -2*t + 12. Suppose t*c = x + 26, 10 = c + 2*x - x. Calculate the highest common factor of c and 3.
3
Suppose 0*c + 192 = 4*c. Calculate the highest common divisor of c and 16.
16
Let i(d) = d**2 - 15 + 5 + 6. Let c be i(4). Calculate the highest common factor of 24 and c.
12
Let t(z) = -z**3 - 2*z**2 + 1. Let w be t(2). Let m = 26 + w. Calculate the greatest common divisor of 11 and m.
11
Let t(f) = f**2 - 2*f - 3. Let m be t(-2). Suppose -w - 1 + m = 0. Let x be 15/1 + -2 + w. Calculate the greatest common divisor of x and 51.
17
Let w(a) = 2*a**2 + 25*a - 10. Let g be w(-13). Calculate the highest common factor of 21 and g.
3
Let q(l) = l**3 + 10*l**2 + 5*l. Let m be q(-9). Suppose d - m = -2*d. Calculate the highest common factor of d and 132.
12
Let k(u) = 3*u**2 - 5*u + 3. Let b be k(3). Let h = 75 - b. What is the greatest common divisor of h and 24?
12
Let k be 51 - (-6 - (1 - 5)). Suppose 0 = 2*l + 2*l + 4*v - 164, 3*v + k = l. What is the greatest common factor of 11 and l?
11
Let q(h) = h**3 - 9*h**2 + 4*h - 3. Let t be q(8). Let m = 15 - t. Suppose -5*s = -15, -4*f = -3*f - 4*s - 8. Calculate the highest common divisor of m and f.
10
Let z(d) = d**2 - 7*d + 14. Let t be z(10). Suppose 4*l - i + 4*i = 13, -4*l + 14 = 2*i. Calculate the greatest common factor of t and l.
4
Suppose u - 6*u + 45 = 0. Let l be (u/15)/((-2)/(-10)). Let j = l + 10. What is the greatest common divisor of 39 and j?
13
Let f(p) = 3 - 3*p**2 + 0*p**2 - 5*p + 7*p**2 - 3*p**2. Let t be f(-5). Suppose t = 5*x - 22. Calculate the greatest common factor of x and 3.
3
Suppose g + 2*l + 21 = 0, 0 = -5*g - l + 2*l - 61. Let u = 27 + g. Calculate the highest common divisor